at is the greatest common divisor of a and u?
11
Let v(n) be the third derivative of n**5/12 - 5*n**4/24 - n**3/3 + 2*n**2. Let j be v(5). Let g = j - 68. Calculate the greatest common divisor of 10 and g.
10
Let d = -104 + 488. What is the highest common factor of d and 36?
12
Suppose 2*s = -2*x + 2, s + 0 = -5*x + 1. What is the greatest common factor of s and 13?
1
Suppose -n + 67 = 26. Let s = 50 - n. Calculate the greatest common divisor of s and 72.
9
Suppose -36 = 5*c - 11, 176 = 2*q - 4*c. Calculate the highest common divisor of q and 54.
6
Let r(b) = 28*b + 67. Let h be r(11). What is the highest common factor of h and 30?
15
Let s(x) = 2*x + x**2 - 2*x + 15 + 12*x. Let b be s(-12). Calculate the greatest common divisor of b and 20.
5
Let c(v) = v - 2. Let d be c(-4). Let j = d + 0. Let p be -1*7/3*j. What is the greatest common divisor of 28 and p?
14
Let t = -941 + 1106. Calculate the highest common divisor of t and 15.
15
Suppose 24 = 2*f - 42. Let m = -47 + f. Let s = m + 32. What is the highest common factor of 18 and s?
18
Let p = 69 + -121. Let v = p - -73. What is the highest common factor of 7 and v?
7
Let y(d) = -17*d + 56. Let g be y(-12). Calculate the highest common factor of 104 and g.
52
Suppose -5*y - f = -8*y + 706, 5*f = -5*y + 1170. What is the greatest common divisor of y and 141?
47
Let u(h) = -h**3 + 7*h**2 - h + 23. Let i be u(7). Calculate the greatest common factor of 40 and i.
8
Let h(g) = g**3 - 5*g**2 - 6*g. Let n be h(6). Suppose w + 2*w - 132 = n. What is the greatest common factor of w and 66?
22
Let h be 324/10 + (-24)/(-40). Suppose h = -5*f + 83. Let q(p) = -6*p + 4. Let o be q(-6). Calculate the greatest common divisor of o and f.
10
Suppose 0 = 26*f - 39*f + 585. What is the greatest common factor of f and 63?
9
Let i be -7*(-1)/(2/34). Let k be (1235/57 + -16)/(2/6). Calculate the highest common factor of k and i.
17
Let q be (-8 - 5 - -49)/(1 - 0). Calculate the highest common divisor of 252 and q.
36
Suppose -28*y + 1526 = -630. Calculate the highest common divisor of y and 1925.
77
Suppose 3*k - i - 655 = 0, k - 6*k = -4*i - 1080. Suppose -4*r = -5*d - k, 4*d - 2*d = 0. What is the greatest common divisor of 33 and r?
11
Let h be 1 + -4 - -3 - -4. Suppose -4*j + h*t = -364, -5*j = -2*j - 2*t - 270. Suppose -2*y + 7*y = 40. What is the greatest common divisor of j and y?
8
Let t be (10/6)/(2/6). Let m be (-61)/(-6) + (-14)/(5 - -79). Calculate the greatest common divisor of t and m.
5
Let b be -11 + 95 - 1*4. Let y = 305 - b. Suppose -2*f + 150 = -4*m, 0 = -3*f - m - m + y. What is the highest common factor of 15 and f?
15
Let j(d) = d**3 + 2*d**2 - 5*d. Let o be j(3). What is the highest common divisor of o and 30?
30
Let u be (-3174)/(-92)*-116*2/(-6). What is the greatest common divisor of 29 and u?
29
Let h(p) = 16*p**3 - 2*p**2 - 4*p + 5. Let f be h(2). What is the greatest common divisor of f and 13?
13
Let k = 48 - 62. Suppose -83 - 22 = -5*a. Let d = k + a. What is the highest common factor of 7 and d?
7
Suppose 5*n - 2*n - 3*x - 15 = 0, 0 = x. Suppose 89 = 2*y - n*c, 5*y = 2*c - 0*c + 254. Suppose y = 7*b - 3*b. What is the greatest common factor of b and 52?
13
Let h(w) = -3*w + 6. Let n be (-126)/35*5/2. Let m be h(n). Calculate the highest common divisor of 22 and m.
11
Let z be ((-75)/(-10))/(3/8). Calculate the highest common factor of z and 80.
20
Suppose 75*o + 0*o = 28875. What is the greatest common divisor of o and 140?
35
Let k(t) = 27*t - 3. Let x be k(1). Calculate the highest common divisor of 60 and x.
12
Let c = -41 - -97. Let m = -13 - -49. Suppose 8 = -m*z + 37*z. What is the greatest common divisor of c and z?
8
Let m = -2714 + 5230. What is the highest common divisor of 68 and m?
68
Let u be 1/2*(-2 + 2). Suppose u = 2*j - 20 - 4. Let b be (23 - -121)*(-3)/(-4). Calculate the highest common divisor of j and b.
12
Let n be -18 + -1 - (3 + -5). Let b(h) = -h**3 - 18*h**2 - 18*h - 14. Let l be b(n). Suppose -8 = -3*a - a. Calculate the highest common factor of l and a.
1
Let x = -108 + 172. Let l be (-2)/17 + ((-552)/68)/(-1). What is the highest common factor of l and x?
8
Let n be -10 - -19 - 6 - -279. What is the greatest common factor of n and 752?
94
Suppose 0 = -c - q + 2, 0 = -3*c + 4*q + 20. What is the greatest common divisor of c and 4?
4
Let l(g) = 16*g**2 - 3*g + 3. Let z be l(-3). Let k be 9 - (-4)/((-12)/(-9)). What is the greatest common divisor of z and k?
12
Let w(l) = l + 6. Let q be w(0). Let m be q*-2*(-80)/30. Suppose 215 = 3*i - 265. What is the greatest common factor of m and i?
32
Let l be (-13)/(-91) + (-26)/(-14). Let o be l + -50*(-3)/2. What is the highest common factor of o and 7?
7
Let j be -1 + (57 - 0/2). Let w(f) = f**3 - 10*f**2 + 18*f + 29. Let u be w(7). What is the greatest common divisor of u and j?
8
Suppose -3*j + 22 = -3*p + 61, j + 49 = 4*p. Calculate the highest common divisor of p and 768.
12
Let b = 185 - 175. Calculate the greatest common divisor of b and 20.
10
Suppose 5*x = -5*b + 60, -2*x + 5*b + 7 = 4. Calculate the greatest common factor of x and 21.
3
Suppose -1561 = -4*i + 5*n, -n - 3*n - 20 = 0. Suppose 2*f = -f + i. Calculate the highest common divisor of f and 16.
16
Let c(p) = -12*p - 115. Let n be c(-10). What is the highest common factor of 28 and n?
1
Suppose -2*l - 2 = -3*t, -4*t + 6 = t - 4*l. Let q be ((-4)/(-16))/(t/(-8)). What is the highest common divisor of q and 4?
1
Let r be 10/(24/(-9) - -2). Let m be 11 + (r/(-5) - -1). Calculate the greatest common divisor of 15 and m.
15
Let w be (-4 + -2)/((-6)/20). Let n = -136 - -156. What is the highest common factor of w and n?
20
Let p be (-6)/3 + 243 + -1. Calculate the highest common factor of p and 96.
48
Suppose -2*i + 199 = 5*f, 0 = i - 0*f + f - 107. Calculate the highest common factor of 7 and i.
7
Let h be (6/14*-4)/((-21)/294). Let w be (-40)/(-18) - (-4)/(-18). Suppose w*j - 31 - 1 = 0. What is the greatest common divisor of j and h?
8
Let t be (-136)/(-6) + (-39)/(-9) + -5. Suppose -n - n = -t. What is the highest common factor of n and 88?
11
Suppose -241*h + 235*h + 102 = 0. Calculate the greatest common factor of h and 272.
17
Suppose -102*n + 7*n = -7315. What is the greatest common factor of n and 616?
77
Let h(j) be the first derivative of -j**4/4 - 8*j**3/3 - 3*j**2 + 7*j - 2. Let a = 18 - 26. Let o be h(a). Calculate the highest common factor of 5 and o.
5
Let y(t) = -t**3 + t**2 + 187. Let u be y(0). Let q = 100 - 83. What is the highest common divisor of q and u?
17
Let i = -529 - -1093. What is the highest common divisor of 24 and i?
12
Suppose -3*t + 4 - 3 = -p, -22 = -t - 4*p. Let v be (t*-5)/((-18)/(-63)). Let f = -32 - v. What is the greatest common factor of f and 2?
1
Suppose v - 13 = -4. Let u(z) = 3*z**3 - z**2 - 3*z. Let m be ((-1)/(-2) - -1)*2. Let a be u(m). Calculate the greatest common divisor of a and v.
9
Suppose -l + 1 = -0. Suppose -3*r - 4 - 225 = -n, 5*r = 2*n - 383. Let w = 76 + r. What is the greatest common factor of w and l?
1
Suppose -7*s = -11*s + 16. Let x be 31/s - 2/(-8). Suppose 4*m - 48 = -t, 2*t + 0*m - 3*m = 140. What is the highest common divisor of x and t?
8
Let k(a) = 10*a + 2. Let g be k(-1). Let b be (-2)/g*1 + (-1638)/(-104). What is the highest common divisor of 144 and b?
16
Suppose 0 = -2*q + 5*q - 12. Suppose i = 3*d - 628, -q*i = -3*d + 302 + 329. What is the greatest common factor of 19 and d?
19
Let p(z) = z**3 + 10*z**2 - 23*z + 9. Let r be p(-12). Let s be (-6 - r) + 16 + 3. What is the highest common divisor of s and 160?
16
Let r(d) = d**2 - 5*d. Let t be r(5). Suppose t = -2*z - 2*z + 24. Suppose 4*f - z = f. Calculate the greatest common factor of 2 and f.
2
Suppose 61*c - 190 = 42*c. What is the highest common divisor of c and 145?
5
Suppose 2*q + 2*p - 8 = -0, -5*q + 11 = 2*p. Let d(r) = 361*r**3 + r - 2. Let s be d(q). Calculate the greatest common divisor of s and 45.
45
Let r = 23 - 6. Let u = r - 18. Let t be (-1 - -2)*-1*u. What is the highest common factor of 1 and t?
1
Let j be (4 - 6)*(-2)/4. Let x be (-8)/4 - (-1 - j). Suppose -d + x*d = 5*g - 18, d + g = 18. Calculate the highest common factor of 180 and d.
18
Let h = 31 - 22. Let g(i) = -321*i + 1929. Let k be g(6). Cal